tor of 228 and 39901881.
57
What is the highest common divisor of 429193233 and 1953?
1953
Calculate the highest common factor of 659212 and 363586.
3398
Calculate the highest common divisor of 4430950 and 1150.
1150
Calculate the highest common factor of 6555 and 12938259.
1311
What is the greatest common divisor of 117878 and 10421?
17
What is the highest common factor of 190512 and 3483?
81
What is the highest common divisor of 6057205 and 32725?
385
Calculate the greatest common factor of 3053295 and 675.
135
What is the highest common divisor of 6992 and 200906?
38
Calculate the greatest common factor of 1074304 and 9317.
77
What is the greatest common factor of 228 and 11053278?
6
What is the greatest common divisor of 136 and 17375768?
136
Calculate the highest common factor of 126381 and 6112947.
309
Calculate the greatest common factor of 3565046 and 874.
874
Calculate the highest common factor of 84 and 175596.
12
What is the greatest common divisor of 4933149 and 39?
39
Calculate the greatest common divisor of 235 and 9822675.
5
What is the greatest common factor of 118287318 and 30?
6
What is the highest common factor of 100602929 and 19?
19
What is the highest common factor of 14632 and 722414762?
3658
What is the highest common divisor of 10540 and 1625989990?
5270
Calculate the highest common divisor of 4715673 and 87259.
1229
What is the greatest common divisor of 11850 and 219462?
474
Calculate the highest common factor of 73073425 and 3050.
1525
Calculate the greatest common factor of 489603 and 21975.
879
What is the highest common divisor of 437933 and 262?
131
Calculate the greatest common divisor of 39 and 19178809.
13
What is the greatest common divisor of 400 and 7435300?
100
What is the highest common divisor of 20163 and 75309?
39
Calculate the greatest common factor of 53508 and 405678.
546
Calculate the highest common factor of 48885 and 7695.
15
What is the highest common divisor of 1863422838 and 5058?
5058
What is the highest common divisor of 2835 and 32391?
9
Calculate the greatest common factor of 20 and 15383410.
10
What is the highest common divisor of 1028821 and 2041?
157
What is the highest common divisor of 3992 and 7474022?
998
What is the highest common divisor of 48046596 and 2?
2
Calculate the highest common divisor of 726730 and 880.
10
What is the greatest common divisor of 3546 and 437932773?
1773
Calculate the greatest common factor of 2 and 5259182.
2
Calculate the greatest common divisor of 1160 and 4164400.
1160
Calculate the highest common divisor of 1114750 and 31200.
650
Calculate the greatest common factor of 2121792 and 30069.
771
What is the highest common factor of 3715672 and 56?
8
Calculate the highest common divisor of 2465893 and 8857.
521
Calculate the highest common divisor of 47560060 and 26980.
1420
Calculate the highest common factor of 188 and 16591282.
94
Calculate the highest common divisor of 240 and 299245680.
240
What is the greatest common divisor of 8136 and 928152168?
2712
Calculate the greatest common divisor of 632 and 24377820.
316
What is the highest common factor of 36 and 151946532?
36
What is the greatest common factor of 1571 and 103618447?
1571
Calculate the highest common divisor of 488433 and 1399002.
1353
Calculate the highest common factor of 361126521 and 6157.
6157
Calculate the highest common divisor of 273597 and 21.
3
Calculate the greatest common divisor of 14725650 and 2794.
254
What is the greatest common divisor of 2341755862 and 9946?
9946
What is the highest common factor of 3430790 and 88?
22
Calculate the highest common factor of 423 and 61892091.
423
What is the greatest common factor of 488886 and 31586?
34
Calculate the greatest common divisor of 7813717 and 2.
1
Calculate the greatest common factor of 578578 and 5100238.
4862
What is the highest common divisor of 50 and 172809730?
10
What is the highest common divisor of 1467536 and 6104?
56
What is the greatest common divisor of 24051 and 961254334?
8017
What is the greatest common divisor of 4718 and 29738?
2
Calculate the highest common factor of 26098 and 26288.
2
What is the highest common divisor of 321744 and 16368?
48
Calculate the highest common divisor of 82145 and 316528155.
11735
Calculate the highest common divisor of 12104 and 15096.
136
Calculate the highest common divisor of 23001 and 103785.
561
Calculate the greatest common factor of 15975 and 1180800.
225
Calculate the greatest common divisor of 103846 and 22742.
274
Calculate the highest common factor of 181501677 and 20601.
6867
What is the highest common factor of 859288 and 5032?
296
What is the highest common divisor of 436046116 and 3223?
3223
What is the greatest common divisor of 120154539 and 3732?
933
What is the highest common divisor of 17256602 and 9559?
869
Calculate the greatest common factor of 68028549 and 6.
3
What is the highest common divisor of 359445 and 37365?
15
Calculate the highest common divisor of 1734790 and 320.
10
Calculate the highest common factor of 104057877 and 165.
33
Calculate the highest common divisor of 61814302 and 4222.
4222
What is the highest common factor of 120373801 and 474?
79
Calculate the greatest common divisor of 4331213 and 4189.
71
Calculate the greatest common divisor of 331 and 63586093.
331
What is the greatest common divisor of 3343113 and 17451?
2493
What is the highest common factor of 38411380 and 11270?
1610
What is the highest common factor of 3571254 and 306?
18
Calculate the greatest common divisor of 12215 and 1828411.
349
What is the greatest common factor of 557019704 and 6008?
6008
What is the greatest common factor of 6216 and 68085624?
888
Calculate the greatest common factor of 12258208 and 4.
4
What is the greatest common factor of 1647 and 1299860712?
549
Calculate the greatest common divisor of 1406995 and 788430.
3205
What is the greatest common factor of 3509 and 5350499?
121
Calculate the greatest common factor of 460421 and 1313.
13
What is the greatest common divisor of 35 and 69261073?
7
Calculate the greatest common factor of 499742438 and 442.
442
Calculate the highest common divisor of 397331 and 132389.
41
Calculate the greatest common divisor of 35279418 and 15698.
334
What is the greatest common divisor of 1332 and 205158636?
1332
What is the greatest common factor of 650 and 207881950?
50
Calculate the highest common divisor of 1111287 and 48057.
249
Calculate the highest common divisor of 18000 and 1186125.
375
Calculate the highest common factor of 27587601 and 4617.
513
What is the highest common factor of 22355 and 2178955?
1315
Calculate the highest common divisor of 2868411 and 3458.
1729
What is the greatest common divisor of 6373926 and 143?
13
Calculate the greatest common factor of 111335694 and 62.
62
What is the highest common divisor of 469385 and 1680?
35
What is the highest common factor of 543383 and 8?
1
Calculate the highest common divisor of 54 and 56289.
3
What is the greatest common divisor of 81249 and 10329753?
1113
Calculate the highest common factor of 4080398220 and 7317.
7317
Calculate the highest common divisor of 512 and 44361600.
128
Calculate the highest common factor of 1259296 and 352.
32
What is the highest common factor of 1743056 and 172?
4
Calculate the greatest common factor of 16119028 and 36.
4
What is the greatest common factor of 226 and 41069172?
226
Calculate the greatest common factor of 25908 and 2321052.
1524
Calculate the greatest common divisor of 52888836 and 28798.
2618
Calculate the highest common factor of 26275 and 652125.
25
Calculate the greatest common divisor of 956 and 683781868.
956
What is the greatest common divisor of 313678812 and 204?
12
What is the greatest common divisor of 3 and 5121960?
3
Calculate the highest common factor of 6 and 1057084.
2
Calculate the greatest common factor of 184024 and 224.
8
What is the highest common divisor of 33453276 and 36?
12
Calculate the greatest common divisor of 8980876 and 13892.
604
Calculate the highest common divisor of 46002 and 1312410.
2706
What is the greatest common divisor of 162621 and 2562150?
57
What is the greatest common factor of 193829 and 3244?
811
What is the greatest common divisor of 27873 and 148643612?
